55)?
-71
Evaluate (192 - 215 - -42) + 0 + -93.
-74
What is the value of 1 + -10 - (158 - (-23 + -19 + 72)) - -6?
-131
What is (-4 - 0) + -88 + (17 + -10 - -13 - 3)?
-75
Evaluate 1791 + -1870 - (31 + -1) - (-11 - -2 - -1).
-101
Calculate 107 - (55 + 64 + 79).
-91
Calculate -4 + 109 - (-30 + 114).
21
What is -12 + 57 + 12 - 31?
26
What is (-95 + 48 - -96) + 4?
53
-47 - (53 - (6 - -93))
-1
Calculate 1 - 6 - (49 + (-80 + -49 - -33)).
42
Calculate 6 - -24 - -15 - 24.
21
61 + -57 + (-2 - -6) + 34 + -106
-64
What is -47 - (-4 - (13 - (17 - (-5 + 18))))?
-34
What is the value of (32 - -16) + (4 - (14 + -3 + -9) - -7)?
57
What is the value of (-23 - -1) + (424 - 392) + (5 - 4)?
11
Calculate (1 - 29) + (0 - 11) + (-28 - (-59 + 20)).
-28
What is -19 - (-106 + 38 + 10 + 3)?
36
Evaluate 5 - (-143 + 27 + 23 + -19 + 3).
114
Calculate (-613 - -556) + (-2 - -10).
-49
Calculate 176 + -220 + (0 - -14) + -53 + 53.
-30
-10 - ((1 - -21) + (12 - 24) - (9 + 2))
-9
Calculate 2 - 3 - 54 - (-66 + 119 - 51).
-57
-1375 - -1369 - (-13 - (0 - (0 + -1 - -1)))
7
Calculate (-34 + 14 - -9) + (-11 - -16 - -48) + -7.
35
What is the value of (-5 - -2) + 57 + (-18 - (-23 - (-25 + 16)))?
50
What is -54 - ((22 - (27 - 24) - 5) + -6)?
-62
Evaluate (-22 - (38 + -116)) + 0 + -2.
54
Evaluate (5 - -5 - (1 + 8)) + 6 + -17.
-10
What is the value of (-3 - 0) + -1 + 13 + (-35 - 9)?
-35
What is 5 - (105 - (-8 - -66))?
-42
What is the value of 0 + 7 + (7 + 8 - (27 - -55))?
-60
-12 - -1 - (-5946 + 5882)
53
What is 99 + -36 + 43 - (0 + (-4 - -23))?
87
What is the value of 64 - (52 + -149 - -90)?
71
Calculate -3 - -1 - ((-104 - (-10 + 4)) + 204 + -186).
78
Calculate 21 + (-740 - -746 - (23 - 1)).
5
What is -59 + (56 + -27 - 3)?
-33
What is (-11 - -4) + (-10 - -5) - (-21 - 70)?
79
What is 46 - (12 + (-11 - -6) + (-2 - 2)) - -4?
47
Calculate 105 + -11 - 132 - -29.
-9
What is 17 - (-4 - -58) - -6 - (5 + 6)?
-42
What is the value of 4 + 1 + (119 - 13 - 127)?
-16
Calculate -38 - (-43 + 10 + 44) - 20.
-69
33 - ((-20 - (-21 + -111)) + -20)
-59
(-34 - (-13 - 62)) + -99
-58
What is the value of -7 - 1 - (18 + (-28 - 19) + -21)?
42
-13 + 30 + -28 + 19
8
Calculate 104 - (8 + 3 + -57 + 12).
138
Calculate -7 + 2 + -1 + (-137 + 3 - -161).
21
What is 53 + -2 + -19 + 58 + -18 + -13?
59
Evaluate (-97 - -190) + -116 + 20.
-3
What is (96 - 99 - (-20 + -1)) + -67?
-49
What is (10 - (-21 + -9)) + 3 + -17 + 5?
31
Evaluate 35 + -35 + -18 + 30.
12
What is 5 + 24 + -78 + 61 + -25?
-13
-1 - (-1496 - -1485 - (0 - 1 - -4 - 53))
-40
What is -9 - (-98 + 82 - (-12 + (3 - 2))) - -25?
21
Evaluate -76 + 81 - (-8 - (8 - 39)).
-18
(1 - -42) + (-2833 - -2836)
46
What is (20 - (-1 - 16 - (-88 - -57))) + -6?
0
What is the value of -80 + (130 - -19) - (8 + 0 + 1) - 12?
48
Calculate 41 - (59 - (57 - 70)).
-31
-10 - -2 - (6 + (-7 - 13) + 1)
5
What is -143 + (0 - -47 - (331 - 327))?
-100
Calculate 1 + (-2 - -19) - (31 + -62 + 28).
21
Calculate (-1 - -2 - 67) + (0 - 8) + -34 + 35.
-73
What is the value of 54 - 30 - (173 + -137)?
-12
Calculate -40 + (16 + -8 - (-34 + 10 + 19)).
-27
Evaluate -771 + 793 - (0 - 18).
40
Evaluate -2 + -2 + 27 + -659 + 688.
52
Calculate 24 - (31 + -34 + 35).
-8
What is the value of (23 - (418 + -386 + (-23 - -1))) + -41?
-28
What is the value of 25 + -29 + 24 - (4 + 0 + (1 - 4))?
19
What is 1456 + -1459 + (0 + 0 + -15 - (-15 - -16))?
-19
What is (1 - 36) + (-6138 - -6104) + (-10 - 1)?
-80
Evaluate (17 - (6 - -2)) + -3 + -64.
-58
21 + 13 + -6 + -17 + -1 + -5 + -48
-43
Evaluate -33 + (-56 - -32) + -6 - (-3 - -1).
-61
What is the value of 5 + -4 - -70 - (18 - (6 - (7 + -11)))?
63
What is -197 + 175 - (2 - 36) - -15?
27
Calculate (-58 - 0) + -883 + 927.
-14
(4 - 8) + 0 + -17 + 24 + (31 - -21)
55
What is -229 + 257 + (1 - (2 + -33))?
60
Calculate 107 + 9 - (19 - -2 - (-55 - -67)).
107
Calculate 108 + -36 + -61 - (-3 + -62).
76
Evaluate (46 - 4) + -176 + 102.
-32
What is the value of 13 + -11 + 0 + (-69 - -4 - -7)?
-56
0 + (19 + -28 - (2 + -11)) - (-59 - 1)
60
Evaluate -27 + 14 - -41 - 26.
2
What is -24 - (-18 + 2 + -23 + 92)?
-77
Evaluate 2 + -94 + 1 - ((159 - 77) + -98 + 16).
-91
(-59 + 29 - -47) + 49
66
Evaluate -89 + (-8 - (18 + -9) - -31) - 3.
-78
What is (0 - 3) + -6 + (67 - 106 - (-4 + -1))?
-43
What is -43 - (113 - 83 - 88)?
15
Calculate -12 + 9 + 0 - (56 + (-7 + -3 - -5)).
-54
Calculate (-20 - -26 - 11) + 116 + 0 + 8.
119
Evaluate 108 - (129 - -79) - (0 + 8).
-108
Calculate (-1 - 1 - -9) + (-2 - 6) + (-11 - 49).
-61
What is -67 - -9 - (-51 + -2)?
-5
What is the value of (136 - (97 - 69)) + -53?
55
What is -10 - ((-17 + 10 + 17 - 25) + 0)?
5
Calculate -1 - (51 + -3) - (1 - -16 - (38 + -10)).
-38
Evaluate -4 + -4 + 25 - (226 + -244).
35
What is -2 + 3 + 13 - ((-2 - 12) + -453 + 475)?
6
Calculate (-40 - (5 + -3)) + -671 + 687.
-26
What is 98 - ((5 - 4) + 3) - (-34 - (-20 - 15))?
93
Evaluate 24 + (-2 - -2) - (596 + -584).
12
10 + (-92 - -38) + 49
5
What is the value of 44 - ((-12 - -10) + -8) - 19?
35
-37 - (111 - (153 + -75))
-70
What is the value of (105 - 96) + 7 + 0 - 147?
-131
(-2 - 7) + 132 + -158
-35
What is 50 - (-50 - -51) - 48?
1
What is -71 - (197 - 199 - (4 - -1 - 7 - 0))?
-71
Calculate -98 + 17 + (-17 - (2 - 6) - -11).
-83
-20 - (1026 + -1115 + -1 + -20)
90
What is 34 + (-29 - -16) + -11 - (0 - -1 - 82)?
91
What is the value of (20 - 0) + (-2131 - -2094)?
-17
Calculate 5247 + -5250 + -75 + 2.
-76
What is -17 - (24 - 13 - 23) - (44 - -3)?
-52
What is 14 + -13 + (5 + -6 - 7) + 38?
31
What is the value of -13 + -19 - (5 - (-4 + (6 - -2) + -3))?
-36
Evaluate -52 + 80 + 144 + -221.
-49
Calculate -8 - (-78 - 74 - -91).
53
Calculate (80 - (-1 + 2)) + -6 + -63 + 56.
66
What is the value of -89 + 109 + -100 - -147?
67
7 + 36 + -3 - (-2 + -19 + 14)
47
Calculate 40 - (-5 - 21 - -40).
26
What is 31 + (7 - (7 + 0)) + 16?
47
Calculate 1 - -11 - (1 + 78 + (15 - (-11 + 41))).
-52
Evaluate 76 - -27 - 30 - 31.
42
What is the value of -284 + 294 - ((-9 + 7 - (-6 - -2)) + 3)?
5
What is the value of 56 - (3 - -5) - 18 - 6 - 150?
-126
What is the value of -24 - ((69 - 44) + -18)?
-31
Calculate (7 - ((-7 + 31 - 14) + 11)) + 4.
-10
What is (-7 - (3 - 5)) + 2 + (107 - 70)?
34
Calculate -340 + (-248 - -478) - (5 - (-2 - -1)).
-116
Evaluate 0 - -8 - (11 - 5 - (-11 - 2)).
-11
(-312 - -397) + (5 - 25)
65
Evaluate 80 + (-31 - (182 + -91)).
-42
Evaluate -1 + 14 + (225 - (89 - -34)).
115
What is -19 + 2 + (-9 + 6 - -8 - (23 - 16))?
-19
What is (-16 - -19) + 45 + 42?
90
11 + (-52 - 1) + (8 - (-35 - -53))
-52
Calculate -32 + (56 - 39) - 15.
-30
-39 + 1 - (7540 - 7549)
-29
(-162 + 172 - (2 - 7) - 12) + (-15 - -5)
-7
What is 56 - (-16 + (-2 - 0) + 1055 + -1053)?
72
Evaluate -5160 - -5158 - ((60 - 2) + -1).
-59
Evaluate (1 - 6) + 6 + 38 + -21.
18
Calculate 1 - 19 - ((7 - (14 - 87)) + 46).
-144
Evaluate 4 - -5 - 8 - -46 - (-4 - 12).
63
Calculate 14 + -57 - 42 - -68.
-17
What is 8 - -6 - (67 - (7 - 7))?
-53
Calculate 49 + (-8 - (12 + (-23 - -24))) - 14.
14
27 + 1 + (16 - (1 + -8))
51
Calculate (-49 - 17) + -127 + 315.
122
What is -80 + -3 - (-119 - -83)?
-47
What is 1 + (3 - -1) + (270 - 378) - -4?
-99
Calculate (-6 - (20 + -49)) + 1 + 3 + -56.
-29
What is -35 + -27 + -9 + 10?
-61
What is -2560 + 2596 - (-2 + -15 + -1)?
54
Calculate 27 + -4 - (-3 + (-34 - -44) + (-8 - 0)).
24
Calculate -126 + 57 + 167 - 174.
-76
(-11 - -3) + -32 - 1
-41
What is the value of -54 + 216 - 70 - 70?
22
Evaluate 33 - ((117 - 79) + -63 - (-16 - 1)).
41
Evaluate 8 - (-7 - (-11 + ((13 - 119) + -6 - -5))).
-103
-20 + 1 + -4 - (3499 + -3521)
-1
What is 95 - (197 + -28 + 5)?
-79
Calculate 127 - (-58 - (-113 - -47)).
119
What is -3 - (-27 + 6) - (-402 - -420)?
0
Evaluate 67 + -5 + 10 + 33 + -14.
91
Evaluate -7 - (-3 + 3) - (-67 + 121 + -34).
-27
Calculate (30 + -38 + 42 - 27) + 15.
22
-4 + -2 + (-8 - (0 + -10 + -1 + -3))
0
What is 18 + 1 - (-6431 + 6518)?
-68
What is 0 - 18 - (13 + -24 + 4 + 30 - 9)?
-32
140 + -161 + 17 + (1 - 11) + 4
-10
(-83 - (-88 + 36) - (-3 - 1)) + -5
-32
Calculate -43 - (-4 + (-14 + 3 - 7 - -16)).
-37
Calculate -25 - (-4 + (-12 - -16)) - 14.
-39
Evaluate 102 + 0 + (151 + -173 - (-37 - -1)).
116
What is (-797 - -717) + (4 - -43)?
-33
What is 67 - (-19 - (-70 + 13))?
29
(39 - ((7 - -1) + -3 + -18)) + -8
44
What is the value of 61 + (64 - (-73 +